t c(v) = v**2 + 24*v + 37. What is the hundreds digit of c(-27)?
1
What is the tens digit of -1*(-4)/(-8)*-108?
5
Suppose r + 0 - 1 = 0. Suppose 3*v = -2*t - r, -v - 6*t + 17 = -t. Let g = v - -4. What is the units digit of g?
1
Let j(m) = m**3 + 9*m**2 + 3*m - 3. What is the units digit of j(-8)?
7
Let y(q) = -q**2 + 9*q. Let v be y(6). Let h = v - 9. What is the units digit of h?
9
Let w = -22 + 75. What is the tens digit of w?
5
Let s = 73 + 7. What is the units digit of s?
0
Suppose 1 + 7 = -2*w. Let f = w - -8. What is the units digit of f?
4
Let r(d) = d**3 + 7*d**2 - 7*d + 16. What is the tens digit of r(-7)?
6
Suppose 4*u - 80 = -m, -m = m + 5*u - 154. What is the tens digit of m?
7
Let v = 6 - 6. Let m(k) = k + 13. What is the units digit of m(v)?
3
Let u = 63 - 39. What is the tens digit of u?
2
Suppose -x + 6 = 2*v, 4*x = -4*v + x + 8. Let s be 6 + (3 - v/1). Suppose s*q + g - 24 + 1 = 0, -5*q + g + 40 = 0. What is the units digit of q?
7
Let o = -7 + 12. Suppose -o*r = -3*n - 37, -3*r - 4*n = -0*r - 28. What is the units digit of r?
8
Let w(s) = s - 9. Let g be w(3). Let r = g - -16. What is the tens digit of r?
1
Suppose -8*d + 17 = -7*d. Let u = d - 11. Suppose 2*i = -0*i + u. What is the units digit of i?
3
Let u(i) = 5*i + 16. Let w be u(-7). Let l = 26 - w. What is the units digit of l?
5
Let a(r) = r**3 + r**2 - 7*r + 7. What is the tens digit of a(4)?
5
Let z(a) = a - 3. Let s be z(5). Suppose -2 = -t - 2*x - 0*x, 5*t - s*x - 22 = 0. What is the units digit of t?
4
Let z(d) = -d**3 + 2*d**2 - d + 2. Let o be z(2). Let l(q) be the third derivative of q**6/120 - q**5/60 + 2*q**3/3 + 2*q**2. What is the units digit of l(o)?
4
Suppose -45*n + 1128 = -37*n. What is the units digit of n?
1
Let z(d) = 6*d**2 + 2*d - 3. Let w be z(-3). Let t = 80 + -78. Suppose -c = t*c - w. What is the tens digit of c?
1
What is the tens digit of 0 - 2 - (-38 - -1)?
3
Suppose 4*r + 7 = 5*v, r - 5*v = -2*r - 9. Suppose -4*t - 14 = -r*p, -12 = t - 3*p + 4. Let x = 2 - t. What is the units digit of x?
3
Let m be (-74)/8 + (-1)/(-4). Let r = 2 - m. What is the units digit of r?
1
Let g = -332 - -538. What is the tens digit of g?
0
Suppose 3*h - 92 = -h. What is the units digit of h?
3
Suppose -2*w + 2*f - 16 = 28, 4*w - 5*f = -83. What is the units digit of ((-4)/(-3))/((-3)/w)?
2
Let v(m) = 3*m**2. Suppose n - 4 = 5*n. Let t be v(n). Suppose 5*s + t = 13. What is the units digit of s?
2
Suppose 1116 = 6*d - 2*d. What is the tens digit of d?
7
Let g(p) = 4*p**2 + 2*p + 1. What is the units digit of g(2)?
1
Let x(z) = -2 + 13*z + z**3 - 11*z + 11*z + 11*z**2. What is the units digit of x(-9)?
3
Suppose 4*c + 12 = c. What is the tens digit of 240/(-18)*6/c?
2
Suppose 0*y - 4*y + 1345 = 5*k, -4*y = 0. What is the hundreds digit of k?
2
Suppose 0 = 4*p + 5*w + 5, -3*p - 5*w = -8*p + 5. Suppose -4*n - 13 + 33 = p. What is the units digit of n?
5
Let d = 2 + 0. Let o(l) = -l + 2*l**2 - 2*l**2 + 4*l**d. What is the units digit of o(1)?
3
Let y(c) = -c**3 + 6*c**2 - 4*c + 3. Let u be y(5). Let d = u + 4. Suppose -m + b + d = 0, -5*m - 5*b = -47 - 63. What is the tens digit of m?
1
Suppose -10 = -n - s + 5*s, 3*s + 8 = n. Let g(p) = -p**n - 5*p - 2 - 5*p + 4*p. What is the units digit of g(-5)?
3
Let d(t) = -t + 10. Let w be d(10). Suppose -12 = -3*m - w. What is the units digit of m?
4
What is the units digit of (72/(-9) - -2)/((-2)/49)?
7
Let t(u) = u**2 - 8*u + 2. Let y be t(9). Let o = y - 5. What is the units digit of (8/o)/((-2)/(-3))?
2
Let x be (3/(-2))/(1/(-4)). Suppose -21 = 3*f + 3*c, 0 = -f - 5*c + x - 21. Let r = 3 - f. What is the units digit of r?
8
Let y(k) = k**2 + 3*k - 6. Let o be y(-6). Suppose -d + o = d. Suppose d*n - 10 = n. What is the units digit of n?
2
What is the units digit of (-8)/(-20) - 386/(-10)?
9
Let g(q) be the first derivative of q**4/2 - 2*q**3/3 + 2. What is the units digit of g(2)?
8
Suppose 4*g + 8 = 8*g. Suppose 2*p = -g*p. Suppose p = 3*f - f - 22. What is the tens digit of f?
1
Let n be 6 - 4 - (-1 + 0). Let l(r) be the second derivative of r**3/3 - 2*r**2 - r. What is the units digit of l(n)?
2
Let l = 13 + 92. What is the units digit of l?
5
Let c(g) = -9*g + 3. What is the tens digit of c(-1)?
1
What is the units digit of 3/6 - (3 + (-390)/4)?
5
Let z = 7 - 6. Suppose 5 = 4*k + z. What is the units digit of k?
1
Suppose -g - 4*j = -2 - 3, j = 3*g + 24. Let m = g - -11. What is the units digit of m?
4
Suppose -3*v - 10 = -25. Let j(w) = w**3 - 6*w**2 + 6*w + 1. Let z be j(v). Suppose -z*s + 6 = -3*s. What is the units digit of s?
2
Let b = 9 + -2. Let c(v) = -v**3 + 8*v**2 - 7*v + 2. Let i be c(b). Suppose -i*p + 25 = 3*p. What is the units digit of p?
5
Let k(j) = 34*j + 5. Let z(x) = -51*x - 8. Let g(q) = -8*k(q) - 5*z(q). Let w(d) = 16*d. Let t(i) = 4*g(i) + 5*w(i). What is the units digit of t(1)?
2
Let z be 0*(5/3)/5. Suppose z = -5*k - k + 204. What is the tens digit of k?
3
Let x(o) = o**2 - 7*o - 9. What is the units digit of x(10)?
1
Suppose 7 = -3*x - 29. Let l = x + 22. What is the units digit of l?
0
Let t(j) be the second derivative of -j**5/20 - j**3/6 + 3*j**2/2 - 4*j. What is the units digit of t(0)?
3
Let a = 40 - -22. What is the units digit of a?
2
What is the tens digit of 2/((-30)/(-1975)) - (-4)/(-6)?
3
Let j = 18 - 16. Suppose l + 4*b = 25, 2*l = j*b - b + 14. What is the units digit of l?
9
Let c(i) be the first derivative of 5*i**4/4 + i**3/3 - i**2/2 - 2. Let o be c(1). Suppose 15 = -2*d + o*d. What is the units digit of d?
5
Suppose 89 + 40 = p. What is the units digit of p?
9
Let f = 6 + 55. What is the units digit of f?
1
Let w(h) = h**3 + 9*h**2 - 10*h - 13. What is the hundreds digit of w(-8)?
1
What is the units digit of (-1)/7 - (-18240)/84?
7
What is the units digit of ((-224)/(-24))/(2/3)?
4
Let k(h) be the third derivative of h**4/12 - 13*h**3/6 + 3*h**2. What is the units digit of k(9)?
5
Suppose -337 = -4*m + 71. What is the tens digit of m?
0
Suppose -214 - 274 = -8*a. What is the units digit of a?
1
Let i(w) = w**3 + 8*w**2 + 4*w - 2. What is the units digit of i(-5)?
3
What is the units digit of 48 - 9/((-36)/8)?
0
Let x(t) = t**3 + 5*t**2 - 6*t + 7. What is the units digit of x(-5)?
7
Suppose -14 = -4*q + 2. Let a(u) = -q + 4 - 6 - 2*u. What is the tens digit of a(-8)?
1
Suppose -2*c + 7*l - 3*l = -226, -202 = -2*c - 2*l. What is the hundreds digit of c?
1
Let s(w) = -8*w - 12. Let h be s(-4). Suppose -b + 9 = -h. What is the tens digit of b?
2
Let k(y) = -y**2 + 7*y. Let g be k(5). Suppose 4*m - 18 = -2*p, 8*m - g = 2*p + 5*m. What is the units digit of p?
1
Suppose -7*y = 16 - 1584. What is the hundreds digit of y?
2
Suppose 5*u = 2*m + 2, 6*m = m - 2*u + 24. Suppose -h + m*z = 4, 5*h - 3*z - 3 = -6. Suppose 4*p + 5*k = 53, h*k = -p - 2*k + 11. What is the units digit of p?
7
Suppose 0 = -q + 7*q - 48. What is the units digit of q?
8
Suppose -5*u + 150 = 5*q, 90 = 3*q - 5*u + u. What is the units digit of q?
0
What is the units digit of (-2)/6 - 4000/(-75)?
3
Suppose -6*c + 7*c + 3 = 0. Let s be ((-1)/c)/((-3)/(-9)). Suppose s = -d + 2. What is the units digit of d?
1
Let i(l) = 3*l**3 - 2*l**2 - l + 1. What is the units digit of i(3)?
1
Let m = 5 + -2. Let p = -12 + 12. Suppose -m*f = -p*f - 15. What is the units digit of f?
5
Let w = 11 + 7. Let x = 40 - w. What is the tens digit of x?
2
Let i(n) = -2*n**3 + n**2 - 1. Let p be i(-1). Let x = 15 - p. What is the tens digit of x?
1
Suppose -2*l = -4*a + 50, a + 2*l - 1 - 4 = 0. Let i = a + -3. What is the units digit of i?
8
Let x be 2 + 6*-1 + 3. Let o = 11 + x. What is the tens digit of o?
1
Let h(z) = 8*z**3 - 1. Suppose -v + 3*s = -7, -2*v + s - 3 = -7*v. What is the units digit of h(v)?
7
Suppose t + 3*h = 12 - 1, -h + 3 = 0. Suppose 0 = 4*p - 3*j + 27, 3*j + t = p + 11. What is the units digit of 1*-7*6/p?
7
Let y = 25 - 4. Suppose 53 = 5*b + 4*v, y = 3*b - 0*v - 3*v. What is the units digit of 140/18 + 2/b?
8
Let b(u) = 6 + 8*u + 2 - 3*u + u**2. What is the tens digit of b(-7)?
2
Suppose -3*u = 12 - 0, 0 = -k + 3*u + 13. Let n be 2/4*58*k. Let a = n - 17. What is the tens digit of a?
1
Let c = 417 - 246. What is the units digit of c?
1
What is the tens digit of (1 - -36) + (2 - 1)?
3
Let u = 3 - -16. Let d = u 